lse
Let i(w) = -2*w**2 - w + 1. Let n be i(1). Is (n - -93 - 1) + 1 a prime number?
False
Is (53/(-6))/(7/(-42)) composite?
False
Let p(v) = -v**2 - 2*v. Suppose 2*i - i = 2. Let u be p(i). Let d = 14 - u. Is d a prime number?
False
Suppose 0 = -4*u + 5*i - 5, -5*i + 5 = 4*u - 0. Suppose 6*j - 3*j - 159 = u. Is j a prime number?
True
Suppose 5*z - s - 1033 = 2*s, 3*z + 5*s = 647. Is z a composite number?
True
Let d = 23 + 54. Is d/2 - 2/(-4) composite?
True
Suppose -4*i = 4*q + 8 + 8, 2*i - 4 = q. Suppose 101 = f - 3*y + 27, 3*f - 5*y - 202 = i. Is f prime?
True
Let d be 3/(-9) + (-44)/(-6). Let m(l) = -l**3 + 6*l**2 + 11*l - 9. Let r be m(d). Suppose 0 = 3*c - 2*w - r, -2*c = 4*w + 8 + 6. Is c a prime number?
True
Let s = 61 + -40. Suppose -2*t = -4*h - 79 + s, -t = h + 7. Let a = h + 31. Is a a prime number?
True
Is 2 - (-24 - -4 - 0/(-1)) a composite number?
True
Let b(s) = -2*s**3 - 12*s**2 + 9*s + 1. Is b(-8) a prime number?
False
Let r(q) = q**3 - 12*q**2 + 9*q. Let a be r(11). Let w = a - -55. Is w prime?
False
Suppose -15*o = -28*o + 74945. Is o prime?
False
Let u(q) = 3*q**3 - 4*q**2 - 4*q + 2. Is u(7) prime?
False
Suppose 6*q - 4*q = 932. Is q a prime number?
False
Suppose 0 = 3*o - 6, -o = h + h - 940. Is h prime?
False
Let o(l) = l - 3. Suppose -2*x = 4*q + 10, 3 = -2*q - 5*x + 2*x. Let m be o(q). Let h = -3 - m. Is h composite?
False
Let z(m) = 7*m**3 - m**2 - m + 1. Let p be z(1). Let g be 2 + 706/(p/(-3)). Let r = -140 - g. Is r a prime number?
True
Suppose -5*h + 6*h - p = 1, -h - p = 3. Is 0 - 65/(1/h) a prime number?
False
Is ((-1)/(-2))/(10/9740) a composite number?
False
Is (2 - 6)*(-25837)/28 a composite number?
False
Suppose 4*l = -3*d - 154, l - 164 = 4*d - 4*l. Is d*(3 + 27/(-6)) a composite number?
True
Suppose -k - 29 = -3*z, 2*k - 6*z + z = -63. Let q(s) = 2*s**2 + 22*s - 9. Let b be q(-14). Let f = b + k. Is f a prime number?
True
Let n be 4/10 - 5088/(-30). Suppose -m + n = m. Is m a composite number?
True
Suppose 0 = -5*r + 2*h + 53, -3*r = -4*h - 39 + 10. Suppose -4*z = 42 + 22. Is r/(3 - z/(-6)) prime?
False
Is 25170/(-20)*(-2)/3 a composite number?
False
Let c = 538 - 383. Let q = 324 + c. Is q a prime number?
True
Let g = -3 - -5. Suppose j = 2*h - 104, -6*j - 96 = -g*h - j. Is h a composite number?
False
Let s be ((-9)/6 - -1)*12. Let t(y) = 2*y - 3. Let c(g) = g - 2. Let v(n) = s*c(n) + 5*t(n). Is v(4) a composite number?
False
Is (-6)/(-4) + (-705)/(-6) prime?
False
Is 6/(-30) + (-1866)/(-5) a composite number?
False
Let x(p) = 0 + 1 - 3 - 29*p. Is x(-3) a prime number?
False
Let c(r) = 35*r - 1 + 1. Let x be 3 + 0 - (10 - 8). Is c(x) composite?
True
Let n be -17*2/6*3. Let k = 24 + n. Suppose k + 21 = 4*w. Is w a prime number?
True
Suppose -1 = -w - 0*w. Let p(g) = -3*g**2 + 4*g - 2. Let a be p(2). Is ((-3)/a)/(w/74) composite?
False
Is 5 + (-582)/(5 + -6) prime?
True
Let r(h) = -2*h**2 + 4*h. Let b(p) = 2*p - 3. Let c be b(3). Let v be r(c). Is 261*(3 + -5)/v composite?
True
Let n(h) = -h - 1. Let c(v) = -v**3 + 4*v**2 + 3*v + 2. Let x be c(5). Is n(x) prime?
True
Let l(n) = 2*n**2 + 2*n - 2. Let d be l(1). Suppose 2*w = 7*w. Suppose w = 5*k - 4*i - 203, -d*i + i + 37 = k. Is k prime?
False
Suppose 0 = -3*y + 304 + 416. Let o = y + -55. Is o prime?
False
Suppose -1239 = 5*w - 7629. Suppose -3*a = 2*h - w, -a + 1095 = 5*h - 2074. Is h composite?
True
Let q(g) = 22*g + 1. Is q(8) a composite number?
True
Let c = -614 + 1179. Is c a composite number?
True
Let y be 3/1 + (-3 - -1). Let q be 6/(-3) + 1 + y. Suppose -n + 205 - 82 = q. Is n prime?
False
Suppose 4*s + 15 = -3*r, 5*s - 2*s - r = 5. Suppose s = 3*y - n - 18, 0*y + 2*y - n = 11. Suppose -4*l + 2*a = y*a - 84, a - 74 = -3*l. Is l a prime number?
False
Let j(u) = 2*u - 2. Let v be j(2). Let q(t) = -t - 2. Let a be q(-2). Suppose -v*r + 10 = a, -5*w - r = -254 - 176. Is w prime?
False
Let z = 0 - -3. Suppose -z*c - c = -844. Is c prime?
True
Suppose 12*u - 16*u + 6052 = 0. Is u prime?
False
Let t(p) = -23*p + 7. Let x be t(-10). Suppose 0 = -5*r + 2*r + x. Is r prime?
True
Let d = 27 + 7. Let n(w) = -2*w**2 + 4*w - 3. Let h be n(4). Let c = h + d. Is c prime?
False
Suppose 6 + 19 = 5*b. Suppose 5*k = 20 - b. Suppose -5*t + k*t = -y - 110, 0 = -y. Is t prime?
False
Is 141*2*28/24 a prime number?
False
Is (-3)/((-2)/(-12) + (-3034)/17988) a prime number?
True
Let c(p) = -p**2 - 2*p**2 + 4*p + 3 + 4*p**2. Let q be c(-4). Suppose q*w - 88 = -13. Is w a prime number?
False
Let c = 9 + -7. Is (6 - 4)*159/c a composite number?
True
Let d(a) = -123*a + 16. Is d(-5) a composite number?
False
Is 3/(((-9)/1506)/(-1)) a composite number?
True
Let p(t) = -53*t. Let z = 9 - 12. Let i be 2/(-6) - (-2)/z. Is p(i) composite?
False
Suppose -13*r - 3492 = -26645. Is r prime?
False
Suppose -4*r = r - 10. Is 2*(87/2 - r) composite?
False
Suppose 0*v = 3*v - 2*i - 5, -2*v + 2 = -2*i. Suppose -v*m = -0*m - 699. Is m prime?
True
Is (-1322)/(-5) + (-3)/(-5) prime?
False
Let o = 38 - 197. Let p = -80 - o. Is p a composite number?
False
Suppose -7*z + 4*z = -1086. Is z a composite number?
True
Suppose 0 = -8*b + 1712 + 3672. Is b prime?
True
Let l be (3/(-4))/(5/(-20)). Suppose l*f = 5*a - 11, -2*a = 4*f - 3*f. Is a/(3/(142 - 1)) prime?
True
Let g(o) = o + 4. Let t be g(-6). Let y(m) = 4*m**2 - 3*m - 3. Is y(t) prime?
True
Suppose 30*f - 195 = 27*f. Is f a composite number?
True
Suppose 4*g - 10 = -2. Suppose 0 = -g*f - i + 544, 5*f + 842 - 2192 = -5*i. Is f a prime number?
False
Suppose -5*c + 5514 = 2*o, 4*c + 3*o = o + 4412. Suppose 86 = -4*p + c. Is p a composite number?
True
Let k = -17 + 9. Is 1/(-2) + (-116)/k prime?
False
Let x be 6/15 + 23/5. Suppose 2*g - x*z + 2*z - 1150 = 0, -1706 = -3*g - 5*z. Suppose -3*v = -7*v + g. Is v prime?
False
Let b = -1476 - -3203. Is b a composite number?
True
Let o = -1460 - -2859. Is o a prime number?
True
Let a = -319 + 2418. Is a composite?
False
Let k(l) = l**3 + 24*l**2 - 39*l + 5. Is k(-24) composite?
False
Let q = -1 + 0. Let y(c) = -2*c. Let k be y(q). Is 28/(-2)*k/(-4) prime?
True
Let x(g) = 2*g**2 - 8*g - 13. Let h be x(-5). Suppose 4*m + 64 + h = y, 0 = -5*m + 10. Is y prime?
True
Suppose 0 = -0*f + f + u - 371, f + 4*u = 368. Is 7 + -6 - f*-1 a prime number?
True
Let s(g) = -g**2 + 15*g - 11. Is s(12) prime?
False
Suppose 5*b - 35 = 65. Let w = b - 7. Is (6/3 + 3)*w a prime number?
False
Let k(i) = -i**2 - 2*i - 1. Let f be k(-3). Is (99 - 1)*(-2)/f prime?
False
Let c be 4/(-4) + 0/(-2). Let l be 4 + c - (-2 + 3). Is l*-1 + (-3 - -40) composite?
True
Let v = -4 + 0. Is 1 + (v/(-4) - -629) a composite number?
False
Let u(q) = 4*q + 4. Let i(n) = -3*n - 5. Let y(g) = 6*i(g) + 5*u(g). Is y(10) composite?
True
Let g be 6/6 - (1 - 0). Let l(j) be the second derivative of j**3/6 + 53*j**2/2 - j. Is l(g) a prime number?
True
Let n(d) = 15*d**2 + 8*d. Is n(-7) a prime number?
False
Let l(x) = 5*x - 3 + 7 + 7 + x**2. Is l(-8) prime?
False
Let f be ((-6)/4)/((-2)/(-12)). Let w(p) = -p - 7. Let g be w(f). Is (-5)/((g/(-6))/1) a prime number?
False
Suppose 2*q + 4*q = 378. Is (-1336)/(-3) + (-21)/q composite?
True
Is 1419/15 + 15/(-25) composite?
True
Let u = -2614 + 4307. Is u composite?
False
Let h(d) = d**2 + 2*d - 16. Is h(17) composite?
False
Let f(j) = -j**2 - 5*j + 5. Let l be f(-5). Let d(y) = 2*y**3 - 4*y**2 + 2*y + 1. Is d(l) prime?
False
Let f = -10 + 16. Let v(m) = f - 2*m**2 - m + 47 + 3*m**2. Is v(0) prime?
True
Suppose -y - 1 = -4. Suppose -k = y*k - 772. Let b = k + -104. Is b a prime number?
True
Suppose 4*n + 143 + 369 = 0. Suppose 3*c - 2*h + 3*h + 207 = 0, 2*c = 4*h - 138. Let k = c - n. Is k a prime number?
True
Let z(x) = x + 5. Let r be z(-7). Let i = r - -49. Is i prime?
True
Let j(g) = g + 1. Let f = -11 + 7. Let d(l) = 2*l + 1. Let m(p) = f*j(p) + 3*d(p). Is m(6) composite?
False
Is (-1197)/(-4 + 1) + -2 a composite number?
False
Let z(h) = -3*h**3 - 7*h**2 - 2*h + 7. Let p be z(-11). Suppose 4*c - p = -c. Is c prime?
False
Let d = 2 + 139. Let p be ((-666)/(-54))/((-1)/6). Let b = p + d. Is b composite?
False
Let s be -1*(-1 - -3)/2. Is (-17)/((-2)/(-4) + s) composite?
True
Let b(p) = p - 1. Let x(l) = l + 1. Let k(y) = b(y) - 3*x(y). Let r be k(-6). Suppose -5*m = -12 - r. Is m prime?
False
Let m = -315 -